{"id":5029,"date":"2026-04-21T03:28:48","date_gmt":"2026-04-21T03:28:48","guid":{"rendered":"https:\/\/www.durawares.com\/?post_type=product&#038;p=5029"},"modified":"2026-04-21T04:24:04","modified_gmt":"2026-04-21T04:24:04","slug":"5029","status":"publish","type":"product","link":"https:\/\/www.durawares.com\/index.php\/product\/5029\/","title":{"rendered":"Water filter faucet adapter"},"content":{"rendered":"<p><iframe title=\"Water filter faucet adapter\" width=\"563\" height=\"1000\" src=\"https:\/\/www.youtube.com\/embed\/y44rayo5rPE?feature=oembed\" frameborder=\"0\" allow=\"accelerometer; autoplay; clipboard-write; encrypted-media; gyroscope; picture-in-picture; web-share\" referrerpolicy=\"strict-origin-when-cross-origin\" allowfullscreen><\/iframe><\/p>\n","protected":false},"excerpt":{"rendered":"<p><span dir=\"auto\" style=\"vertical-align: inherit;\"><span dir=\"auto\" style=\"vertical-align: inherit;\"><span dir=\"auto\" style=\"vertical-align: inherit;\"><span dir=\"auto\" style=\"vertical-align: inherit;\">\u0e2b\u0e31\u0e27\u0e15\u0e48\u0e2d\u0e01\u0e4a\u0e2d\u0e01\u0e01\u0e23\u0e2d\u0e07\u0e19\u0e49\u0e33(\u0e23\u0e38\u0e48\u0e19\u0e2d\u0e31\u0e1e\u0e40\u0e01\u0e23\u0e14)\u0e2b\u0e21\u0e38\u0e19\u0e44\u0e14\u0e49 360C\u0e0a\u0e31\u0e49\u0e19\u0e01\u0e23\u0e2d\u0e07 6 pulgadas de pantalla \u0e2b\u0e31\u0e27\u0e01\u0e23\u0e2d\u0e07\u0e01\u0e4a\u0e2d\u0e01\u0e19\u0e49\u0e33 \u0e17\u0e35\u0e48\u0e01\u0e23\u0e2d\u0e07\u0e19\u0e49\u0e33 \u0e2b\u0e31\u0e27\u0e01\u0e23\u0e2d\u0e07\u0e19\u0e49\u0e33<\/span><\/span><\/span><\/span><\/p>\n<p><span dir=\"auto\" style=\"vertical-align: inherit;\"><span dir=\"auto\" style=\"vertical-align: inherit;\"><span dir=\"auto\" style=\"vertical-align: inherit;\"><span dir=\"auto\" style=\"vertical-align: inherit;\">Adaptador de grifo con filtro de agua (modelo mejorado), giratorio 360\u00b0, filtro de 6 capas, a prueba de salpicaduras, filtro de grifo de agua, purificador de agua, cabezal de filtro de agua.<\/span><\/span><\/span><\/span><\/p>\n<p><span dir=\"auto\" style=\"vertical-align: inherit;\"><span dir=\"auto\" style=\"vertical-align: inherit;\"><span dir=\"auto\" style=\"vertical-align: inherit;\"><span dir=\"auto\" style=\"vertical-align: inherit;\">Somos proveedores de productos de gran demanda en China. Llevamos a\u00f1os atendiendo a clientes de Asia, Am\u00e9rica y Europa. La satisfacci\u00f3n del cliente es nuestra m\u00e1xima prioridad, garantizando pagos seguros y una entrega segura de la mercanc\u00eda. Si tiene alguna pregunta, no dude en contactarnos en cualquier momento. Muchas gracias.<\/span><\/span><\/span><\/span><\/p>\n<p><span dir=\"auto\" style=\"vertical-align: inherit;\"><span dir=\"auto\" style=\"vertical-align: inherit;\"><span dir=\"auto\" style=\"vertical-align: inherit;\"><span dir=\"auto\" style=\"vertical-align: inherit;\">Carta privada o contacto: Whatsapp: +8613682371367 <\/span><\/span><\/span><\/span><br \/>\n<span dir=\"auto\" style=\"vertical-align: inherit;\"><span dir=\"auto\" style=\"vertical-align: inherit;\"><span dir=\"auto\" style=\"vertical-align: inherit;\"><span dir=\"auto\" style=\"vertical-align: inherit;\">cuando realiz\u00f3 el pedido<\/span><\/span><\/span><\/span><\/p>\n","protected":false},"featured_media":5036,"comment_status":"open","ping_status":"closed","template":"","meta":[],"product_brand":[],"product_cat":[301],"product_tag":[1041,1040],"class_list":{"0":"post-5029","1":"product","2":"type-product","3":"status-publish","4":"has-post-thumbnail","6":"product_cat-kitchen-supplies","7":"product_tag-water-filter","8":"product_tag-water-filter-faucet-adapter","9":"product_shipping_class-standard-product","11":"first","12":"instock","13":"sale","14":"taxable","15":"shipping-taxable","16":"purchasable","17":"product-type-simple"},"_links":{"self":[{"href":"https:\/\/www.durawares.com\/index.php\/wp-json\/wp\/v2\/product\/5029","targetHints":{"allow":["GET"]}}],"collection":[{"href":"https:\/\/www.durawares.com\/index.php\/wp-json\/wp\/v2\/product"}],"about":[{"href":"https:\/\/www.durawares.com\/index.php\/wp-json\/wp\/v2\/types\/product"}],"replies":[{"embeddable":true,"href":"https:\/\/www.durawares.com\/index.php\/wp-json\/wp\/v2\/comments?post=5029"}],"version-history":[{"count":5,"href":"https:\/\/www.durawares.com\/index.php\/wp-json\/wp\/v2\/product\/5029\/revisions"}],"predecessor-version":[{"id":5032,"href":"https:\/\/www.durawares.com\/index.php\/wp-json\/wp\/v2\/product\/5029\/revisions\/5032"}],"wp:featuredmedia":[{"embeddable":true,"href":"https:\/\/www.durawares.com\/index.php\/wp-json\/wp\/v2\/media\/5036"}],"wp:attachment":[{"href":"https:\/\/www.durawares.com\/index.php\/wp-json\/wp\/v2\/media?parent=5029"}],"wp:term":[{"taxonomy":"product_brand","embeddable":true,"href":"https:\/\/www.durawares.com\/index.php\/wp-json\/wp\/v2\/product_brand?post=5029"},{"taxonomy":"product_cat","embeddable":true,"href":"https:\/\/www.durawares.com\/index.php\/wp-json\/wp\/v2\/product_cat?post=5029"},{"taxonomy":"product_tag","embeddable":true,"href":"https:\/\/www.durawares.com\/index.php\/wp-json\/wp\/v2\/product_tag?post=5029"}],"curies":[{"name":"wp","href":"https:\/\/api.w.org\/{rel}","templated":true}]}}